(y) = -118*y + 5048. List the prime factors of k(-36).
2, 7, 83
What are the prime factors of 1/(-2) - 2211521/(-1094)?
43, 47
Let v(b) = b**3 + 10*b**2 + 3. Let u be v(-9). Let x = -16 + u. Suppose -224 = -4*n - x. List the prime factors of n.
3, 13
Suppose -5*n - f = 16 - 2, -2*f + 2 = 0. Let l = -57 + 54. List the prime factors of n/(720/(-237) - l).
79
Let s = -68736 + 102941. List the prime factors of s.
5, 6841
List the prime factors of (-10)/((-60)/(-3)) - (-3)/12*40226.
2, 3, 419
Let o(g) = 20*g**2 - 116*g - 1276. List the prime factors of o(-11).
2, 5, 11
Suppose 34*k - 120*k + 774516 = 0. What are the prime factors of k?
2, 3, 19, 79
Let b(y) = -2680*y - 3816. What are the prime factors of b(-6)?
2, 3, 7, 73
Let q = -13618 - -30735. What are the prime factors of q?
17117
Let n(a) = -a**3 + 41*a**2 - 49*a - 24. Let q be n(39). Suppose 0 = 2*p - 10, q = 7*o + 5*p - 850. What are the prime factors of o?
2, 3, 23
Let a(c) = c**3 + 15*c**2 + 2. Let g be a(-15). Suppose k + g*n = 178, -397 + 6 = -2*k + 3*n. What are the prime factors of k?
2, 47
Suppose 10*h + 76*h - 172510 = 21*h. What are the prime factors of h?
2, 1327
Let k be (-3)/9*-2 + (-186)/9. Let u = k + 19. List the prime factors of (-6)/39 + ((-8484)/(-52) - u).
2, 41
Let p = 16 + -11. Suppose -2*r = -c + 11, p*c = -9*r + 6*r + 3. Suppose -2*m + 5*j = -119, 0*j - 175 = -c*m + 4*j. List the prime factors of m.
3, 19
Let c = 441 - 925. Let m = 755 + c. What are the prime factors of m?
271
What are the prime factors of 1318146/24 + ((-30)/(-8))/(-5)?
2, 7, 3923
Let t be 38/6 - 20/(-12). Let m be 9*4*4/24. List the prime factors of t + (-4)/m + 7/(-3).
5
Suppose 0 = -142*h + 507559 + 214369. What are the prime factors of h?
2, 31, 41
Let l(n) = 486*n**2 - n. Suppose -4 = -m - t, -t + 8 = 2*m + 3. List the prime factors of l(m).
5, 97
Let w(k) = 10*k**2 + 2*k + 1. Let t be w(-1). Suppose -14 + t = -q. Let m(i) = -i**3 + 5*i**2 + 5*i - 2. What are the prime factors of m(q)?
23
Suppose 1197 = -51*m + 54*m. Let o = m - 135. List the prime factors of o.
2, 3, 11
Suppose -259140 = -24*w + 503988. What are the prime factors of w?
3, 3533
Suppose 0 = -4*n + 2*x + 56, 6*x = -3*n + x + 42. Let d = n + 570. What are the prime factors of d?
2, 73
Suppose 33*w - 22573 = 32*w + 5*z, -5*w + 113089 = 3*z. List the prime factors of w.
22613
Let x be 3/(-2)*(3 - 15). Suppose x*r - 318 = 12*r. Suppose -5*c - 371 = -4*u, c - r = -u + 33. What are the prime factors of u?
89
List the prime factors of ((1263264/64)/((-9)/8))/(6/(-9)).
2, 13159
Suppose 3*u + 500 = 1742. Suppose -2*q = y - 2*y - u, 0 = 4*q + 4*y - 804. What are the prime factors of q?
5, 41
Let p = 40643 + -25248. List the prime factors of p.
5, 3079
Suppose -9*g + 837 = 5*p - 8*g, -p - 2*g + 171 = 0. Let a = p + 148. Let y = 479 - a. List the prime factors of y.
2, 41
Let i(a) = -a**2 + 10*a - 5. Let k be i(7). Suppose 5*h + 2*y - k = 0, 0*y + 19 = 2*h + 5*y. Suppose -3*p - h*p = -405. What are the prime factors of p?
3
Let q be (-11 - (-24)/4)/(-1). Suppose -q*z = 3*w - 870, 2*z - 80 = -3*w + 799. List the prime factors of w.
5, 59
Suppose 4*g - 46 = -34. Suppose -g*d + 1120 + 1729 = 4*h, h - 1891 = -2*d. What are the prime factors of d?
23, 41
Let i be (-5)/(-10)*4 + 4. Let q be ((-12)/i)/((-3)/(-6)*-1). Suppose 5*n = 15, 4*p - 3*n - 303 = -q*n. What are the prime factors of p?
3, 5
Let y(n) = 17*n**2 + 33*n + 268. What are the prime factors of y(-20)?
2, 3, 89
Suppose 23294 = 2*n - 2*q, -4*n + 46583 = -43*q + 44*q. What are the prime factors of n?
2, 3, 647
Let q(b) = -2575*b - 744. What are the prime factors of q(-3)?
3, 13, 179
Let r be 11/(-3) - (-7)/(-21). Let m be (-31812)/102 + r/(-34)*-1. List the prime factors of 24/(-60) - m/5.
2, 31
Let b = 796 + -404. Suppose 4*a = -g + 856, 3*g = 4*a - b - 480. What are the prime factors of a?
5, 43
Let j(k) = -26*k + 26. Let t be j(1). Suppose 2*x + 5*f - 206 - 96 = t, 0 = 3*x - 3*f - 432. List the prime factors of x.
2, 73
Let d(y) = 16*y - 3. Let t be d(1). Let a be ((-4)/8)/(2/(-4)) - t. What are the prime factors of (-14 - a) + 6 + -2 + 0?
2
Suppose 6892*y = 6885*y + 355971. What are the prime factors of y?
3, 11, 23, 67
Let d(m) = 62*m**2 + 49*m - 453. What are the prime factors of d(12)?
3, 19, 53
Let y be (-2)/(-4) - (-1938)/12. List the prime factors of y/27*-10*46/(-8).
3, 5, 23
Suppose 0 = -54*t + 37*t + 9435. Suppose -k + t = -2*g - 63, 5*k - 3090 = g. What are the prime factors of k?
2, 3, 103
Suppose 473*r - 472*r = -42. Let k = 214 + r. List the prime factors of k.
2, 43
Let i(n) = 314*n**2 + 142*n - 37. What are the prime factors of i(-8)?
127, 149
What are the prime factors of -5 - (-105)/20 - 332853*(-6)/72?
2, 3, 23, 67
Let y(l) = -14*l**2 - 18*l + 1. Let x(t) = 13*t**2 + 17*t - 3. Let v(h) = 5*x(h) + 4*y(h). Let c = -27 + 21. What are the prime factors of v(c)?
5, 47
Suppose -w + 1 = -4*r + 9, 4*w - 4 = 4*r. Suppose d = -3*u + 1699, 3*d = w*u - 2*d - 2278. List the prime factors of u.
3, 7
Suppose v = -4*j - 2 - 2, 50 = -4*v + j. Let t(r) = r**2 + 13*r + 15. Let f be t(v). What are the prime factors of (238/4)/(f - 5/2)?
7, 17
Suppose -24 = 2*c + 240. List the prime factors of (-1495)/46*c/10.
3, 11, 13
Let r = -799 - -2723. List the prime factors of r.
2, 13, 37
Suppose 2*a + 10 + 0 = 0. Let d be (a + 35/10)/((-3)/8). Suppose s + 2*s - 426 = -g, 5*g = -d*s + 568. What are the prime factors of s?
2, 71
Let x(q) = 4*q + 22. Let k be x(-5). Let z(i) = 0*i - 4*i + 31 + 5*i + k*i**3 + i. List the prime factors of z(0).
31
Suppose -438 - 42 = -4*v. Suppose v = 23*g - 22*g. List the prime factors of g.
2, 3, 5
Suppose 48275 = 19*u - 69108 + 1787. What are the prime factors of u?
2, 3, 13
Suppose 0 = 5*c - 182 - 88. Suppose 4*o - c = 114. Suppose o + 242 = 2*p. What are the prime factors of p?
2, 71
What are the prime factors of (14294/(-12) - 2/6)*-2?
2383
Let p(j) be the third derivative of -j**6/240 - 3*j**5/40 + j**4/24 + 9*j**2. Let x(h) be the second derivative of p(h). List the prime factors of x(-20).
3, 17
Let s(o) = -2*o - 47. Suppose 0 = -0*a + a. Let b be s(a). Let l = 64 + b. List the prime factors of l.
17
Let c(f) = -2*f**2 - 1. Suppose 2*m + 10 = -4*z, -z - 19 = -m + 3*z. Let b be c(m). Let l = b + 22. List the prime factors of l.
3
Suppose f = -4, 95*i = 103*i - 4*f - 195336. List the prime factors of i.
5, 19, 257
Let q(k) = -k**3 - 9*k**2 - 4*k - 8. Suppose -8*a + 172 = -20. Let d be (-84)/9 + 8/a. What are the prime factors of q(d)?
2, 7
Let g be 38/9 + (6 - 56/9). Suppose g*f - 3*z = 3753, -909 = -f - z + 24. List the prime factors of f.
2, 3, 13
Let m(n) = -2*n**2 - 32*n - 37. Let f be m(22). Let o be f/(2/(-5 - -3)). Suppose 499 - o = -11*g. What are the prime factors of g?
2, 5, 11
Let l be 4 - (-1 + 3/(-6)*-6). Suppose 3*c - 3*z = l*z + 670, -c - 5*z = -250. List the prime factors of c.
2, 5, 23
Suppose -4*n = -622*b + 617*b - 88094, 2*n + 2*b = 44038. What are the prime factors of n?
19, 61
Let z(p) = -p**2 - 6*p + 388. Let l(a) = a**2 + 6*a - 389. Let n(k) = 2*l(k) + 3*z(k). List the prime factors of n(0).
2, 193
Let o = 94 + -92. Let s(r) = 114*r**2 - 8*r + 6. What are the prime factors of s(o)?
2, 223
Let i be 18/18 + (-3693 - 1)/(-1). Suppose -9180 = -5*q - 51*a + 52*a, -2*q + 5*a + i = 0. List the prime factors of q.
5, 367
Suppose 0 = -r + 19 + 120. Let s = r + -62. Suppose -4*a - 23 + 5 = -2*h, 5*h - 2*a = s. What are the prime factors of h?
17
Let i be ((-44)/(-7))/((-16)/(-56)). Suppose -3*t - i = -5*k, -4*k = -t - 19 + 7. What are the prime factors of 15 + (3 - 7) - k?
3
Let u = 33503 - 19128. What are the prime factors of u?
5, 23
Let l = -303 - 31. Let f = 885 + l. What are the prime factors of f?
19, 29
Let s = 8631 - 3797. List the prime factors of s/14 - (-3 - 299/(-91)).
3, 5, 23
Suppose 0 = -3*c + 2*x + 10980, -c - 7*x = -5*x - 3668. List the prime factors of c.
2, 1831
Let o(m) = 2*m**3 - m**2 - 9*m + 5. Let n(u) = -u**3 + 5*u - 2. Let l(t) = -11*n(t) - 6*o(t). Let b be l(6). What are the prime factors of (-5)/((-10)/6) - b?
17
Let f(s) = -1304*s + 3668. List the prime factors of f(-38).
2, 3, 5, 887
Suppose -t - 6313 = -2*f, -5*t - 3179 = -21*f + 20*f. What are the prime factors of f?
2, 19, 83
Let c(h) = h**2 + 3*h - 7. Let d b